. Let c be (-16)/s*(6 - 0). Suppose -c*y - 3*q = -36, -6*y + 2*y - 4*q = -36. What is the units digit of y?
9
Suppose 8*n = 3*n + 15. Suppose z = 2*z - n. Suppose 5*i + x = z*x + 122, 5*x = -4*i + 124. What is the tens digit of i?
2
Let p = -49 - -54. Let l(v) = 6*v**2 - 5*v - 6. What is the hundreds digit of l(p)?
1
Let g be (-13)/(4/(-16)*2). Let p = 42 - g. What is the tens digit of p?
1
Let p = -2 + 5. Suppose -4*m + 248 = x + p*x, 196 = 3*x + m. What is the tens digit of x?
6
Let h(w) = -3*w**3 + 7*w**2 + w + 3. Let k(x) = 8*x**3 - 20*x**2 - 4*x - 10. Let d(u) = 11*h(u) + 4*k(u). What is the tens digit of d(-6)?
3
Let v be (2 - 2)/(-4 - -2). Suppose v = -3*m + 130 + 95. What is the units digit of m?
5
What is the thousands digit of 4 - (-31932)/30 - 12/30?
1
Let v(g) = -2*g**3 + g + 1. Let o be v(-1). Suppose -5*y + 38 = -3*p - 25, o*p + 29 = -y. What is the units digit of p*(-3 - -1)/4?
8
Let a(n) = n**2 - 9. Let q be a(3). Suppose -5*i + 3*i + 130 = q. What is the units digit of i?
5
Let h be -4*(-2 + 1 + 11). Let d = 28 - h. What is the tens digit of d?
6
Let l = -992 - -1686. What is the units digit of l?
4
What is the units digit of (6/7)/((-24)/(-3696)) + -3?
9
Suppose 0 = 5*b - 5*v - 6100, 0*v - 2*v = -4*b + 4882. What is the units digit of b?
1
Suppose -5*p + 0*c = c - 1605, -p - 3*c = -335. What is the units digit of p?
0
Let d(x) = -x**2 - 2*x - 10. Let r be d(7). Let p = 149 + r. What is the units digit of p?
6
Suppose 32 + 34 = 2*l. Let w = l + -12. Let o = w - 5. What is the tens digit of o?
1
Let q(m) = -m**2 + 7*m - 4. Let r be q(6). Suppose r = o - 0. Suppose o*y - 28 = -2*y. What is the units digit of y?
7
Let m be 15/2*(-5 - (-242)/(-6)). Let p = 477 + m. What is the units digit of p?
7
Suppose 0 = -29*v + 17*v + 1284. What is the tens digit of v?
0
Let h(b) = b**3 + 13*b**2 + 12*b - 4. Suppose -y - 4*k = 28, -y + 3*k = -2*k - 8. Let r be h(y). What is the tens digit of (r/8)/((-3)/66)?
1
Let s = 1012 + -98. What is the units digit of s?
4
Let g = 190 + -82. Suppose 4*y = -2*f + 342, g = -3*y + 2*f + 368. What is the units digit of y?
6
Let g be (-20 + 2)*6/9. Let l(m) = -4*m - 26. What is the tens digit of l(g)?
2
Suppose 32 = 15*u - 16*u. Let a = u + 80. What is the tens digit of a?
4
Suppose 0 = -2*c + 4*r - 9*r + 14, 0 = 3*r - 6. Suppose 2*w - c*k = 22, 5*w - 23 = -3*k + 16. What is the units digit of w?
9
Let w = -119 - -218. Let h = w - 80. What is the units digit of h?
9
Let n(b) = 10*b + 6. Let x be n(3). Let p = x + -13. What is the tens digit of p?
2
Suppose -2*o + 12 = o. Suppose -u = -5*i + 8, -i + o = -0*u + u. What is the tens digit of 2*u/(-12)*-75?
2
Let f(z) = 0*z - 35 + 12*z - 60*z + 8*z. What is the tens digit of f(-4)?
2
Suppose 15*u = 2043 + 1302. What is the hundreds digit of u?
2
Suppose -5*v = 71 - 26. What is the hundreds digit of (735/v - -1)*-3?
2
Let p(w) = w**2 + 10*w + 3. Let l be p(6). Suppose 9*v + 27 = l. Let a = 17 - v. What is the units digit of a?
9
Let r(w) = 4*w**2 + 9. What is the hundreds digit of r(22)?
9
Suppose 5*i - 2*b = -113 + 276, -b = -2*i + 66. Suppose -d + 24 = -i. What is the tens digit of d?
5
Suppose 24*f = 7584 - 2832. What is the tens digit of f?
9
Let i(r) = r**2 + 9*r - 10. Let o be i(-10). Suppose 5*v + 3*l = 3*v + 12, o = -l + 4. Let m = v - -24. What is the tens digit of m?
2
Let f(c) = c**2 + 9*c - 5. Let m be (4/(-3))/((-10)/(-75)). Let b be f(m). Suppose -2*t - 90 = -b*t. What is the tens digit of t?
3
Let m = 1879 + -1240. What is the hundreds digit of m?
6
Suppose 2*n - 188 = 380. Let w(m) = -30*m + 124. Let j be w(4). Suppose -r + 53 = -f + j*f, -4*f - n = -5*r. What is the units digit of r?
6
Suppose 3*o + 1 = 2*n, -n - 16 = 2*o + 2*o. Let f be ((-6)/4)/(o/14). Let z(d) = 2*d - 1. What is the tens digit of z(f)?
1
Let x(s) = s**2 + 7*s + 2. Let i be x(-8). Let u(p) = -p - 2. Let n be u(i). What is the tens digit of (-4 - 56/n)*42?
2
Suppose -y - 13 = -5*o + 2, 0 = 5*o + 3*y + 5. Suppose -5*z + 245 = o*x - 131, -154 = -2*z - 2*x. What is the tens digit of z?
7
Let g = 18 + -15. Suppose -4*c - 188 = -4*u + 2*u, -4*u + 409 = g*c. What is the units digit of u?
0
Let z = 8 + -6. Let t(g) = g**2 - 2*g**z - 6*g - g - 5 - 5*g. What is the tens digit of t(-6)?
3
Let l(t) = 7*t**2 + t**3 - 3*t - 1 - 1 + 0 + 1. Let v = -5 - 2. What is the units digit of l(v)?
0
Let i = -70 - -70. Suppose i = -2*x + 69 + 369. What is the units digit of x?
9
What is the hundreds digit of 7/((-42)/(-3825)) - 27/18?
6
What is the tens digit of (-4)/18 - 1*100751/(-63)?
9
Let z(u) = -126*u - 206. What is the hundreds digit of z(-9)?
9
What is the units digit of 8/(134496/(-13452) + 10)?
4
Let l(f) = -f + 840. What is the tens digit of l(0)?
4
Suppose 26*y = 24*y + 380. Let g = 11 + y. What is the hundreds digit of g?
2
Let w = 1400 + -68. What is the units digit of w?
2
Suppose 2*n - 326 = -y, 0*n = -4*n - 3*y + 650. Suppose -5*t - n = -1174. What is the units digit of t?
2
Suppose 21 - 1 = 2*h + 2*g, -5*g + 15 = -2*h. Suppose 5*i - 315 = -2*n, -h*n + 3*i = -n - 617. What is the units digit of n?
5
Suppose 5 = 5*a - 15. Let t(k) = 4*k**2 - 3*k + 2. What is the units digit of t(a)?
4
Suppose -7*f + 41 = 13. Suppose -g + 54 = -4*u - 5, 9 = 3*u. Suppose f*k - 13 = g. What is the units digit of k?
1
Let x(i) = 4 + i**3 - 61*i + 53*i + i**2 - 5*i**3. What is the tens digit of x(-3)?
4
Let w(p) = 10*p**2 + 72*p + 212. What is the thousands digit of w(-24)?
4
Let h(u) = 62*u**3 + 10*u**2 - 19. What is the thousands digit of h(4)?
4
Let o(p) = -p**3 + 41*p**2 + 44*p + 104. What is the units digit of o(42)?
8
Let r be 6/3 + 1 - 1. Suppose r*m - 3*m = -78. Suppose 3*p - m = p. What is the tens digit of p?
3
Let d(f) be the second derivative of 0 - 9*f - 21/2*f**2 - 5/6*f**3. What is the tens digit of d(-7)?
1
Suppose -b = 3*z - 21, -4*z = b - 14 - 12. Suppose -b = 5*u - 101. What is the units digit of u?
9
Let t = 14 - 29. What is the tens digit of (-3 + 15)/(t/(-40))?
3
Let t = 6 - 3. Let j = t + 4. Let s = j + 17. What is the tens digit of s?
2
Suppose o + 2*f - 22 = -0*o, -36 = -o + 5*f. Let n = o + -24. What is the units digit of n?
2
Suppose -4 = 3*o + 8, 4*o + 20 = -u. What is the hundreds digit of (3 - 309)/(6/u - 0)?
2
Let x be (210/8)/((-6)/(-112)). Suppose 3*z = 5*f - z - x, 0 = 5*z. What is the tens digit of f?
9
Let n(g) = -32*g**3 - 12*g - 2 + g**2 + 5 + 3*g**2 + 33*g**3. Let z be n(-6). Suppose 0 = z*h - 70 - 62. What is the units digit of h?
4
Suppose -4*v + 10 = -2*h, -5*h + 8 = 5*v - 4*v. Suppose -s + h = -0. What is the tens digit of 16 - (-3 - (-1)/s)?
1
Suppose 5*u + 25 = 25. Let b = 72 - u. What is the units digit of b?
2
Let k be ((-5)/(-25))/(2/1310). Let x = k - 44. What is the units digit of x?
7
Let z = 306 - 191. What is the hundreds digit of z?
1
Let w be ((-1770)/(-40))/((-6)/(-16)). Suppose 0 = 2*t - 0*t - w. What is the tens digit of t?
5
Let n(j) = -94*j + 5. Let g be n(-2). Let u = g + -105. What is the units digit of u?
8
Suppose 5*g - 3*b - 7485 = 0, -7*g = -4*g + b - 4477. What is the units digit of g?
4
Suppose -4*k = g - 473, -1972 = 7*g - 11*g + 4*k. What is the hundreds digit of g?
4
Suppose 4*u - 5*u + 2 = 0. Suppose 4*n + u = -2. What is the units digit of 1*n*(-9)/1?
9
Suppose 9*a - 4*j = 4*a + 72, -60 = -4*a + 4*j. What is the tens digit of 11/((-132)/(-40))*a?
4
Suppose 5*n = -4*k - 314, -389 = 3*k - n - 144. Let a(l) = 19*l**3 - l**2 + 4*l - 3. Let c be a(5). What is the units digit of 2/(-9) - c/k?
9
Suppose -3*p = 4*f - 493 - 3135, -5*f - p = -4524. What is the tens digit of f?
0
Let s(u) = 22*u**2 - 3*u + 11. What is the tens digit of s(-5)?
7
Suppose 3*x - 15 = 6*x, 15 = -5*a + 5*x. Let t be (a - (-1 - 1)) + 2. Let q(s) = -s**3 - 4*s**2 - 6*s + 5. What is the units digit of q(t)?
9
What is the units digit of 30/(-12 + 6) - -299?
4
Let z(k) = k**3 - 7*k**2 + 7*k. Let f be z(6). Suppose -30 = -3*j + f. Let a = 25 + j. What is the tens digit of a?
3
Let z(p) = -2*p - 2. Let a be z(-5). Suppose -3*d + a = -70. Let r = d - 24. What is the units digit of r?
2
Suppose -3*m + 31 - 22 = 0. What is the hundreds digit of ((-75)/m)/(2/(-12))?
1
Let f(k) = -k - 13. Let g be f(-13). Let q be ((-6)/3 - g) + 2. Suppose -2*z + 4*p + 44 = q, 34 = 2*z + 2*p + 2.